 - 11*a + 9*a = 15, 0 = 2*a + 8. What is the units digit of s(l)?
2
Let x(w) = w + 4. Let u be x(2). Suppose 5*c - u*c = -3. Suppose -9 = c*t - 69. What is the units digit of t?
0
Suppose -2*p + 49 = -3*p. Let z be 6/24 + p/4. What is the units digit of 137/9 + z/54?
5
Let l(p) = -p**3 - 6*p**2 + p - 1. Suppose 97 = -11*y + 9. What is the units digit of l(y)?
9
Let u(n) = -2*n**2 - 5*n - 3. Let q be u(5). Let m = q - -197. What is the tens digit of m?
1
Let h be -7*3/6*296. Let j = -720 - h. What is the tens digit of j?
1
Let d be (-14)/5*45/(-18). Suppose -2*q + d = -q. Let l(z) = 3*z + 7. What is the tens digit of l(q)?
2
Let h be 0/(16/4) - 0. Suppose -4 + h = -b. Suppose 2*c - 4*c + 74 = b*n, 4*n + 5*c - 71 = 0. What is the units digit of n?
9
Suppose -4*q + 46 = -3*k, k + 6 = q + 3*k. Let m be (-56)/(-21)*(13/(-2) + 5). What is the units digit of 4/(m*(-1)/q)?
0
Suppose 3*b + 118 + 13 = 5*a, 5*b - 127 = -4*a. Suppose 0 = -4*g + 2*w - 6, -2*g + 2*w = 3*g + 6. Suppose -2*n + a + 12 = g. What is the units digit of n?
0
Let c be (-294)/10 + 4/10. Let y be (-52)/3 + 8/6. Let o = y - c. What is the units digit of o?
3
Let o(v) = -7*v. Let y be o(-1). Suppose y*a + 2 = 695. What is the tens digit of a?
9
Suppose -8*m + 46 = -2. Suppose -m*f + 2*f = -56. What is the units digit of f?
4
Let z(u) = 140*u + 100. What is the units digit of z(6)?
0
Let f be 6/(-27) + (-20)/(-9). Let l = f - -2. What is the units digit of 0 + l - 4 - -6?
6
Let i = 98 - 39. Suppose -2*s - 136 = -4*j, -5*j + 7*j - 68 = -3*s. Let b = i - j. What is the units digit of b?
5
Suppose -13 = 3*i + 35. Let x = -19 + i. Let o = 54 + x. What is the units digit of o?
9
Let q(c) = 12*c**3 + 2*c**2 + 16*c - 147. What is the tens digit of q(7)?
7
Suppose 2*u + 33 = 1. Let p be (-9)/36*(8*1)/(-2). Let y = p - u. What is the tens digit of y?
1
Let c(u) = 7*u - 6. Suppose -3*j + 19 = 1. Suppose 5*b + 5*q - 25 = 0, 2*q - 18 = 2*b - j*b. What is the tens digit of c(b)?
2
Suppose -g + 2*o + 6 = 0, 5*g + o = 2*o + 12. Suppose x - g*j - 47 = 0, -3*x - 2*j + 56 + 61 = 0. What is the units digit of x?
1
Let k(c) = c**2 + 5*c. Suppose 3*m = -a + 8, -6*a + m = -3*a + 16. Let s be k(a). What is the units digit of (s/(-8))/((-1)/(-148))?
4
Suppose 0 = -5*p + 6*p - 3. Suppose -5*k - 53 = -4*d - p, -3*d = -3*k - 30. What is the tens digit of (-714)/85*k/2?
4
Let c(s) = -2*s**2 + 27*s - 11. Let o be c(13). Suppose 0 = o*v - 104 - 64. What is the units digit of v?
4
Let r be 46 + 4/((-4)/3). Suppose 0 = -t + 5*t - 5*p - r, -3*p - 19 = -2*t. What is the units digit of t?
7
Let b = 399 + -228. What is the hundreds digit of b?
1
Let p = -31 + 31. Suppose 2*u + 7 - 183 = p. What is the tens digit of u?
8
Let c = 22 + -20. Suppose 55 = c*f - 13. What is the tens digit of f?
3
What is the units digit of ((-10)/4)/((-101)/116958)?
5
Suppose -5*j - r + 589 = 0, -12*j - 4*r = -9*j - 367. What is the units digit of j?
7
Let b be (-6)/1*(-6)/(-4). Let q(j) = -j + 6. Let v be q(9). Let g = v - b. What is the units digit of g?
6
Let j = -3361 + 8076. What is the tens digit of j?
1
Suppose 2*h = 4*m - 34, m - 4*h + 5 - 31 = 0. Let l = m + 1. Let j(g) = g**2 - 5*g - 9. What is the units digit of j(l)?
5
What is the units digit of (1 - -1468) + 1*(14 + -9)?
4
Let s(k) = -17*k - 19. Let r(q) = -4*q - 5. Let v(i) = -22*r(i) + 6*s(i). Let n(o) = o. Let a be n(-3). What is the tens digit of v(a)?
3
Let m = 2 - -2. Suppose -3*v - q + 30 = 0, 0*v + 2*q = m*v - 50. Suppose 2*b - v = -3. What is the units digit of b?
4
Suppose -2*k + 2*t = -5*k - 1, 0 = -2*k - 3*t - 4. What is the units digit of (6/12)/(k/100)?
0
Suppose 5*o + 0 + 25 = 0. What is the hundreds digit of (4356/90)/((-2)/o)?
1
Let h be -1 + -1 + (4 - 28/7). What is the units digit of 4 + 7775/45 - h/9?
7
Suppose -5*q + 3*w = -9, 11*q - 15 = 10*q + 5*w. Suppose -2*t + 180 - 8 = q. What is the units digit of t?
6
Suppose 1852 + 334 = t. What is the tens digit of t?
8
Suppose -i + 1 = -5*f - 0*i, 0 = 5*f + 3*i - 3. Suppose -a = -f - 11. Let v = a + -2. What is the units digit of v?
9
Let x(j) = 6*j - 2. Let i be x(3). Suppose 5*d = d + i. Suppose -27 = n - d*n. What is the units digit of n?
9
Let n(r) = 7*r - 6. Let k(g) = 2*g + 1. Suppose 4*p - 2 = 2. Let z be k(p). What is the units digit of n(z)?
5
Suppose 4*a - 5 = -5*y + 15, -2*y = -4*a + 20. Suppose -8*g + 0*g + 648 = y. What is the tens digit of g?
8
Suppose -6*g + 1164 = 6*g. Suppose 0 = -2*b - 23 + g. What is the units digit of b?
7
Let z(b) = -63*b**3 - 34*b - 133. What is the thousands digit of z(-4)?
4
Suppose -40 = 22*l - 30*l. Suppose 136 = -l*n + 1401. What is the units digit of n?
3
Let r(k) = -3*k - 1. Let c be (-2)/(-8)*-1 + (-31)/4. What is the tens digit of r(c)?
2
Let d = 90 - 58. What is the units digit of (-6)/(-3)*(-3 + d)?
8
Let i = 5 - 3. Let w = 81 + -78. Suppose w*c - 180 = -i*c. What is the units digit of c?
6
Let r = -1 + 6. Suppose 344 = r*x - 201. Let w = -67 + x. What is the units digit of w?
2
Suppose 2*g + 0*g = 10, 4*c - 345 = 3*g. Let p = c + -76. What is the tens digit of p?
1
Suppose b - 100 = 15. Suppose -38*f + 40*f = -104. Let l = b + f. What is the units digit of l?
3
Let o be 17760/(-88) + 2/(-11). Let j = -143 - o. Let g = j + -14. What is the units digit of g?
5
Suppose -m + 6*m + 31 = -3*n, -5*m = n + 27. What is the tens digit of (2 + -1)/(n/(-90))?
4
Let z(a) = -7*a**3 + 10*a**2 + 24*a + 6. Let l(f) = 8*f**3 - 11*f**2 - 25*f - 7. Let u(y) = -6*l(y) - 7*z(y). What is the units digit of u(8)?
2
Suppose 0 = 11*g - 947 - 846. What is the units digit of g?
3
Let q(i) = i**3 + 2*i**2 - 2*i - 2. Let n be q(-2). Suppose g = -g + 4*l + 16, -5*g - n*l - 8 = 0. Let m = g - -22. What is the tens digit of m?
2
Suppose -2*m - 1690 = 3*m. Let c be (-4)/16 - m/8. Suppose -1 = -5*l + 14, 0 = -2*y - 2*l + c. What is the tens digit of y?
1
Suppose 5*d - 2*s = 334, 13*d - 18*d + 337 = -s. What is the tens digit of d?
6
Let n = 67 + 57. What is the hundreds digit of n?
1
Suppose -2*u = -4*u + 6. Suppose 4*n - u*w = 58, -n = -5*w + 15 - 38. What is the tens digit of n?
1
Let f(y) = 70*y - 5. Let h be f(2). Suppose 2*p = -9 + h. What is the units digit of p?
3
Let j = 8 + -17. Let l(a) = a + 18. What is the units digit of l(j)?
9
Suppose 0 = 4*h + c - 241, -4*h + 4*c = h - 317. Suppose -4*o + h = -5*o. What is the tens digit of 2/3 - o/3?
2
Let g(u) be the second derivative of -1/3*u**3 + 0 + 6*u - 3/2*u**2. What is the units digit of g(-2)?
1
Let d(w) = -21*w**2 - 21*w**2 - 4 + 45*w**2 + 8*w. What is the tens digit of d(-6)?
5
Let f be 1 - 3 - 2/(-1). Let z = 0 - f. Suppose 0 = -z*y - 5*y + 50. What is the units digit of y?
0
Let z(a) be the third derivative of a**4/24 + a**3 - 6*a**2. Let w be z(-5). Suppose s + w = 9. What is the units digit of s?
8
Let b be 96/64 - (15/(-6) + 2). Let g(a) = 15*a + 5. Let v(y) = -14*y - 6. Let z(c) = -2*g(c) - 3*v(c). What is the units digit of z(b)?
2
Suppose -8*g - 1280 = -13*g. Let y = g - 85. What is the tens digit of y?
7
Suppose 10*b - 39090 = 14900. What is the units digit of b?
9
Let m(x) = 17*x + 12. Let c be m(3). Let l(q) = -6*q + 4. Let y be l(5). What is the units digit of c/13 + y/(-169)?
5
Let s be 0/(2 - 4)*(-3)/6. What is the units digit of 15 + (3 - s) - (-1 + 2)?
7
Suppose 5*y + 4556 = -2*s + 15484, -5*y + 16382 = 3*s. What is the tens digit of s?
5
Suppose -2*s = -3*k - 973, 3*s + 5*k = 2*s + 519. What is the tens digit of s?
9
Let i = -2459 - -5332. What is the thousands digit of i?
2
Let j(h) = -h**3 - 3*h**2 - h + 3. Let r be j(-3). Let g(q) = q**3 - q**2 - 9*q + 2. What is the hundreds digit of g(r)?
1
Let g(c) = -83*c + 214. What is the tens digit of g(-6)?
1
Let m = 100 + 35. Suppose -16*f = -11*f - m. What is the tens digit of f?
2
Let y be -71 - (-10 - -3 - -3). Let r = 19 + y. Let m = 0 - r. What is the units digit of m?
8
Suppose -3*f = -3*p - p + 572, 5*p = f + 715. Let g be (-693)/p - (-2)/(-13). What is the units digit of g/(-20) - (-95)/4?
4
Let s be (-2 - 1) + 5/1. Suppose -s*k = -k - 2. Suppose -7 + 3 = -k*l. What is the units digit of l?
2
Suppose 0 = -7*u + 11*u - 4*g - 2852, -707 = -u + 3*g. What is the hundreds digit of u?
7
Let z = -234 + 354. Suppose z = -a + 4*a. Suppose 38 = 3*j + 5*v - 9, -3*j + 2*v + a =